{"id":950,"date":"2024-01-08T06:39:43","date_gmt":"2024-01-08T05:39:43","guid":{"rendered":"https:\/\/kabe-bud.pl\/?page_id=950"},"modified":"2024-01-08T06:42:27","modified_gmt":"2024-01-08T05:42:27","slug":"budowa-i-przebudowa-kanalizacji-deszczowej-dabrowa","status":"publish","type":"page","link":"https:\/\/kabe-bud.pl\/?page_id=950","title":{"rendered":"Budowa i przebudowa kanalizacji deszczowej &#8211; D\u0105browa"},"content":{"rendered":"\t\t<div data-elementor-type=\"wp-page\" data-elementor-id=\"950\" class=\"elementor elementor-950\">\n\t\t\t\t\t\t\t\t\t<section class=\"elementor-section elementor-top-section elementor-element elementor-element-45ef0d5b elementor-section-stretched elementor-section-boxed elementor-section-height-default elementor-section-height-default\" data-id=\"45ef0d5b\" data-element_type=\"section\" data-settings=\"{&quot;stretch_section&quot;:&quot;section-stretched&quot;}\">\n\t\t\t\t\t\t<div class=\"elementor-container elementor-column-gap-narrow\">\n\t\t\t\t\t<div class=\"elementor-column elementor-col-100 elementor-top-column elementor-element elementor-element-28b71292\" data-id=\"28b71292\" data-element_type=\"column\">\n\t\t\t<div class=\"elementor-widget-wrap elementor-element-populated\">\n\t\t\t\t\t\t\t\t<div class=\"elementor-element elementor-element-2309d876 elementor-widget__width-inherit animated-slow elementor-invisible elementor-widget elementor-widget-text-editor\" data-id=\"2309d876\" data-element_type=\"widget\" data-settings=\"{&quot;_animation&quot;:&quot;fadeInDown&quot;}\" data-widget_type=\"text-editor.default\">\n\t\t\t\t<div class=\"elementor-widget-container\">\n\t\t\t<style>\/*! elementor - v3.18.0 - 20-12-2023 *\/\n.elementor-widget-text-editor.elementor-drop-cap-view-stacked .elementor-drop-cap{background-color:#69727d;color:#fff}.elementor-widget-text-editor.elementor-drop-cap-view-framed .elementor-drop-cap{color:#69727d;border:3px solid;background-color:transparent}.elementor-widget-text-editor:not(.elementor-drop-cap-view-default) .elementor-drop-cap{margin-top:8px}.elementor-widget-text-editor:not(.elementor-drop-cap-view-default) .elementor-drop-cap-letter{width:1em;height:1em}.elementor-widget-text-editor .elementor-drop-cap{float:left;text-align:center;line-height:1;font-size:50px}.elementor-widget-text-editor .elementor-drop-cap-letter{display:inline-block}<\/style>\t\t\t\t<p><!-- wp:themeisle-blocks\/advanced-columns {\"id\":\"wp-block-themeisle-blocks-advanced-columns-99b0cc25\",\"columns\":1,\"layout\":\"equal\"} --><!-- \/wp:themeisle-blocks\/advanced-columns --><\/p>\n<p><!-- wp:paragraph --><!-- \/wp:paragraph --><\/p>\n<p><!-- wp:table {\"className\":\"is-style-stripes\"} --><\/p>\n<figure class=\"wp-block-table is-style-stripes\">\n<table>\n<tbody>\n<tr>\n<td><strong>Nazwa projektu:<\/strong><\/td>\n<td>Budowa i przebudowa kanalizacji deszczowej przy budowie ul. Le\u015bnej od ulicy Wiejskiej do ulicy Batorowskiej w D\u0105browie ETAP II.<\/td>\n<\/tr>\n<tr>\n<td><strong>Data trwania budowy:<\/strong><\/td>\n<td>od marca 2023r. do grudnia 2023r.<\/td>\n<\/tr>\n<tr>\n<td style=\"width: 20%;\"><strong>Zakres prac:<\/strong><\/td>\n<td>obejmowa\u0142 wykonanie kanalizacji deszczowej z:<br \/>\n<ul>\n<li>z rur PVC kl. \u201eS\u201d \u00f8200, kl. \u201eS\u201d litych o d\u0142ugo\u015bci L= 179m,<\/li>\n<li>z rur PVC kl. \u201eS\u201d \u00f8250, kl. \u201eS\u201d litych o d\u0142ugo\u015bci L= 36m,<\/li>\n<li>z rur PVC kl. \u201eS\u201d \u00f8315, kl. \u201eS\u201d litych o d\u0142ugo\u015bci L= 230m,<\/li>\n<li>z rur PVC kl. \u201eS\u201d \u00f8400, kl. \u201eS\u201d litych o d\u0142ugo\u015bci L= 183m,<\/li>\n<li>z rur PP dwu\u015bcienne SN8, \u00f8500, PEHD o d\u0142ugo\u015bci L= 277m,<\/li>\n<li>studnie betonowe o \u015brednicy \u00f81000mm \u2013 22 szt.<\/li>\n<li>studnie betonowe o \u015brednicy \u00f81200mm \u2013 12 szt.<\/li>\n<li>regulator przep\u0142ywu o przepustowo\u015bci 30 l\/s \u2013 2 szt.<\/li>\n<li>separator firmy MEA &#8211; typ PURABLUE SUPER MAX o przep\u0142ywie od 10 do 100 l\/s \u2013 2 szt.,<\/li>\n<li>wpusty drogowy o \u015brednicy 500mm \u2013 51 szt.<\/li>\n<\/ul>\n<ul style=\"margin-left: -20px;\"><\/ul>\n<ul><\/ul>\n<\/td>\n<\/tr>\n<\/tbody>\n<\/table>\n<\/figure>\n<p><!-- \/wp:table --><\/p>\n<p><!-- wp:separator --><\/p>\n<hr class=\"wp-block-separator\" \/>\n<p><!-- \/wp:separator --><\/p>\t\t\t\t\t\t<\/div>\n\t\t\t\t<\/div>\n\t\t\t\t\t<\/div>\n\t\t<\/div>\n\t\t\t\t\t\t\t<\/div>\n\t\t<\/section>\n\t\t\t\t<section class=\"elementor-section elementor-top-section elementor-element elementor-element-6842811 elementor-section-stretched elementor-section-boxed elementor-section-height-default elementor-section-height-default\" data-id=\"6842811\" data-element_type=\"section\" data-settings=\"{&quot;stretch_section&quot;:&quot;section-stretched&quot;}\">\n\t\t\t\t\t\t<div class=\"elementor-container elementor-column-gap-default\">\n\t\t\t\t\t<div class=\"elementor-column elementor-col-100 elementor-top-column elementor-element elementor-element-e96b4ac\" data-id=\"e96b4ac\" data-element_type=\"column\">\n\t\t\t<div class=\"elementor-widget-wrap elementor-element-populated\">\n\t\t\t\t\t\t\t\t<div class=\"elementor-element elementor-element-44d5a23 elementor-widget elementor-widget-modula_elementor_gallery\" data-id=\"44d5a23\" data-element_type=\"widget\" data-widget_type=\"modula_elementor_gallery.default\">\n\t\t\t\t<div class=\"elementor-widget-container\">\n\t\t\t<style>#jtg-965 .modula-item { border-radius: 12px; }#jtg-965 .modula-item .jtg-social a, .lightbox-socials.jtg-social a{ fill: #ffffff; color: #ffffff }#jtg-965 .modula-item .jtg-social-mobile a{ fill: #ffffff; color: #ffffff }#jtg-965 .modula-item .jtg-social svg, .lightbox-socials.jtg-social svg { height: 16px; width: 16px }#jtg-965 .modula-item .jtg-social-mobile svg { height: 16px; width: 16px }#jtg-965 .modula-item .jtg-social a:not(:last-child), .lightbox-socials.jtg-social a:not(:last-child) { margin-right: 10px }#jtg-965 .modula-item .jtg-social-mobile .jtg-social-mobile-icons a:not(:last-child){ margin-right: 10px }#jtg-965 .modula-item .figc {color:#ffffff;}#jtg-965 .modula-item .modula-item-content { transform: scale(1) }#jtg-965 { width:100%;}#jtg-965 .modula-items{height:800px;}@media screen and (max-width: 992px) {#jtg-965 .modula-items{height:800px;}}@media screen and (max-width: 768px) {#jtg-965 .modula-items{height:800px;}}#jtg-965 .modula-items .figc p.description { font-size:14px; }#jtg-965 .modula-items .figc p.description { color:#ffffff;}#jtg-965.modula-gallery .modula-item > a, #jtg-965.modula-gallery .modula-item, #jtg-965.modula-gallery .modula-item-content > a:not(.modula-no-follow) { cursor:zoom-in; } #jtg-965.modula-gallery .modula-item-content .modula-no-follow { cursor: default; } @media screen and (max-width:480px){#jtg-965 .modula-item .figc .jtg-title {  font-size: 12px; }#jtg-965 .modula-items .figc p.description { color:#ffffff;font-size:10px; }}<\/style>\n<!-- Gallery Container -->\n<div  id=\"jtg-965\" class=\"modula modula-gallery modula-creative-gallery\" data-config=\"{&quot;height&quot;:800,&quot;tabletHeight&quot;:800,&quot;mobileHeight&quot;:800,&quot;desktopHeight&quot;:800,&quot;enableTwitter&quot;:false,&quot;enableWhatsapp&quot;:false,&quot;enableFacebook&quot;:false,&quot;enablePinterest&quot;:false,&quot;enableLinkedin&quot;:false,&quot;enableEmail&quot;:false,&quot;randomFactor&quot;:0.5,&quot;type&quot;:&quot;creative-gallery&quot;,&quot;columns&quot;:12,&quot;gutter&quot;:10,&quot;mobileGutter&quot;:10,&quot;tabletGutter&quot;:10,&quot;desktopGutter&quot;:10,&quot;enableResponsive&quot;:&quot;0&quot;,&quot;tabletColumns&quot;:&quot;2&quot;,&quot;mobileColumns&quot;:&quot;1&quot;,&quot;lazyLoad&quot;:&quot;1&quot;,&quot;lightboxOpts&quot;:{&quot;animated&quot;:true,&quot;Thumbs&quot;:{&quot;type&quot;:&quot;modern&quot;,&quot;showOnStart&quot;:false},&quot;Toolbar&quot;:{&quot;display&quot;:{&quot;right&quot;:[&quot;close&quot;]},&quot;enabled&quot;:true},&quot;Carousel&quot;:{&quot;Panzoom&quot;:{&quot;touch&quot;:false},&quot;infinite&quot;:false},&quot;keyboard&quot;:{&quot;Escape&quot;:&quot;close&quot;,&quot;Delete&quot;:&quot;close&quot;,&quot;Backspace&quot;:&quot;close&quot;,&quot;PageUp&quot;:false,&quot;PageDown&quot;:false,&quot;ArrowUp&quot;:false,&quot;ArrowDown&quot;:false,&quot;ArrowRight&quot;:false,&quot;ArrowLeft&quot;:false},&quot;touch&quot;:false,&quot;backdropClick&quot;:false,&quot;l10n&quot;:{&quot;CLOSE&quot;:&quot;Zamknij&quot;,&quot;NEXT&quot;:&quot;Nast\\u0119pny&quot;,&quot;PREV&quot;:&quot;Poprzedni&quot;,&quot;Error&quot;:&quot;Nie mo\\u017cna za\\u0142adowa\\u0107 \\u017c\\u0105danej tre\\u015bci. Spr\\u00f3buj ponownie p\\u00f3\\u017aniej.&quot;,&quot;PLAY_START&quot;:&quot;Rozpocznij pokaz slajd\\u00f3w&quot;,&quot;PLAY_STOP&quot;:&quot;Zatrzymaj pokaz slajd\\u00f3w&quot;,&quot;FULL_SCREEN&quot;:&quot;Pe\\u0142ny ekran&quot;,&quot;THUMBS&quot;:&quot;Miniatury&quot;,&quot;DOWNLOAD&quot;:&quot;Pobieranie&quot;,&quot;SHARE&quot;:&quot;Udost\\u0119pnij&quot;,&quot;ZOOM&quot;:&quot;Powi\\u0119kszenie&quot;,&quot;EMAIL&quot;:&quot;Here is the link to the image : %%image_link%% and this is the link to the gallery : %%gallery_link%%&quot;,&quot;MODAL&quot;:&quot;Mo\\u017cesz zamkn\\u0105\\u0107 t\\u0119 zawarto\\u015b\\u0107 okna modalnego za pomoc\\u0105 klawisza ESC&quot;,&quot;ERROR&quot;:&quot;Co\\u015b posz\\u0142o nie tak. Prosz\\u0119 spr\\u00f3bowa\\u0107 p\\u00f3\\u017aniej.&quot;,&quot;IMAGE_ERROR&quot;:&quot;Nie znaleziono obrazka&quot;,&quot;ELEMENT_NOT_FOUND&quot;:&quot;Nie znaleziono elementu HTML&quot;,&quot;AJAX_NOT_FOUND&quot;:&quot;B\\u0142\\u0105d \\u0142adowania AJAX: Nie znaleziono&quot;,&quot;AJAX_FORBIDDEN&quot;:&quot;B\\u0142\\u0105d \\u0142adowania AJAX: Zabronione&quot;,&quot;IFRAME_ERROR&quot;:&quot;B\\u0142\\u0105d \\u0142adowania strony&quot;,&quot;TOGGLE_ZOOM&quot;:&quot;Prze\\u0142\\u0105cz poziom powi\\u0119kszenia&quot;,&quot;TOGGLE_THUMBS&quot;:&quot;Prze\\u0142\\u0105cz miniaturki&quot;,&quot;TOGGLE_SLIDESHOW&quot;:&quot;Prze\\u0142\\u0105cz pokaz slajd\\u00f3w&quot;,&quot;TOGGLE_FULLSCREEN&quot;:&quot;Prze\\u0142\\u0105cz tryb pe\\u0142noekranowy&quot;},&quot;Images&quot;:{&quot;Panzoom&quot;:{&quot;maxScale&quot;:2}},&quot;mainClass&quot;:&quot;modula-fancybox-container modula-lightbox-jtg-965&quot;,&quot;Html&quot;:{&quot;videoAutoplay&quot;:0,&quot;videoTpl&quot;:&quot;&lt;video class=\\&quot;fancybox__html5video\\&quot; controls muted playsinline controlsList controlsList=\\&quot;nodownload\\&quot; poster=\\&quot;{{poster}}\\&quot; src=\\&quot;{{src}}\\&quot; type=\\&quot;{{format}}\\&quot; &gt;  Sorry, your browser doesn&#039;t support embedded videos, &lt;a href=\\&quot;{{src}}\\&quot;&gt; download &lt;\\\/a&gt; and watch with your favorite video player! &lt;\\\/video&gt;&quot;}},&quot;inView&quot;:false,&quot;email_subject&quot;:&quot;Sprawd\\u017a ten niesamowity obrazek!&quot;,&quot;email_message&quot;:&quot;Oto odno\\u015bnik do obrazku: %%image_link%%, a to odno\\u015bnik do galerii: %%gallery_link%%&quot;,&quot;lightbox&quot;:&quot;fancybox&quot;}\">\n\n\t\n\t<!-- Items Container -->\n\t<div  class=\"modula-items\">\n\t\t<div class=\"modula-item effect-pufrobo\" >\n\t<div class=\"modula-item-overlay\"><\/div>\n\n\t<div class=\"modula-item-content\">\n\n\t\t\t\t\n\t\t\t\t\t<a data-image-id=\"967\" data-elementor-open-lightbox=\"no\" tabindex=\"0\" rel=\"jtg-965\" data-caption=\"\" aria-label=\"Otw\u00f3rz obrazek w Wy\u015bwietlarce\" role=\"button\" class=\"tile-inner modula-item-link\"><\/a>\n\t\t\n\t\t<img fetchpriority=\"high\" class=\"pic wp-image-967 lazyload\"  data-valign=\"middle\" data-halign=\"center\" alt=\"\" data-full=\"https:\/\/kabe-bud.pl\/wp-content\/uploads\/2024\/01\/ul.-Lesna-studnia-B6..jpg\" title=\"ul. Lesna, studnia B6.\" width=\"225\" height=\"300\" data-src=\"https:\/\/kabe-bud.pl\/wp-content\/uploads\/2024\/01\/ul.-Lesna-studnia-B6.-225x300.jpg\" data-caption=\"\" data-source=\"modula\" data-srcset=\"https:\/\/kabe-bud.pl\/wp-content\/uploads\/2024\/01\/ul.-Lesna-studnia-B6..jpg 576w, https:\/\/kabe-bud.pl\/wp-content\/uploads\/2024\/01\/ul.-Lesna-studnia-B6.-225x300.jpg 225w\" data-sizes=\"(max-width: 225px) 100vw, 225px\" \/>\n\t\t<div class=\"figc no-description\">\n\t\t\t<div class=\"figc-inner\">\n\t\t\t\t\t\t\t\t\t\t\t\t\t\t\t<\/div>\n\t\t<\/div>\n\n\t<\/div>\n\n<\/div><div class=\"modula-item effect-pufrobo\" >\n\t<div class=\"modula-item-overlay\"><\/div>\n\n\t<div class=\"modula-item-content\">\n\n\t\t\t\t\n\t\t\t\t\t<a data-image-id=\"968\" data-elementor-open-lightbox=\"no\" tabindex=\"0\" rel=\"jtg-965\" data-caption=\"\" aria-label=\"Otw\u00f3rz obrazek w Wy\u015bwietlarce\" role=\"button\" class=\"tile-inner modula-item-link\"><\/a>\n\t\t\n\t\t<img class=\"pic wp-image-968 lazyload\"  data-valign=\"middle\" data-halign=\"center\" alt=\"\" data-full=\"https:\/\/kabe-bud.pl\/wp-content\/uploads\/2024\/01\/Wykop-i-ulozona-rura-w-kierunku-studni-A10.jpg\" title=\"Wykop i u\u0142ozona rura w kierunku studni A10\" width=\"225\" height=\"300\" data-src=\"https:\/\/kabe-bud.pl\/wp-content\/uploads\/2024\/01\/Wykop-i-ulozona-rura-w-kierunku-studni-A10-225x300.jpg\" data-caption=\"\" data-source=\"modula\" data-srcset=\"https:\/\/kabe-bud.pl\/wp-content\/uploads\/2024\/01\/Wykop-i-ulozona-rura-w-kierunku-studni-A10.jpg 576w, https:\/\/kabe-bud.pl\/wp-content\/uploads\/2024\/01\/Wykop-i-ulozona-rura-w-kierunku-studni-A10-225x300.jpg 225w\" data-sizes=\"(max-width: 225px) 100vw, 225px\" \/>\n\t\t<div class=\"figc no-description\">\n\t\t\t<div class=\"figc-inner\">\n\t\t\t\t\t\t\t\t\t\t\t\t\t\t\t<\/div>\n\t\t<\/div>\n\n\t<\/div>\n\n<\/div><div class=\"modula-item effect-pufrobo\" >\n\t<div class=\"modula-item-overlay\"><\/div>\n\n\t<div class=\"modula-item-content\">\n\n\t\t\t\t\n\t\t\t\t\t<a data-image-id=\"969\" data-elementor-open-lightbox=\"no\" tabindex=\"0\" rel=\"jtg-965\" data-caption=\"\" aria-label=\"Otw\u00f3rz obrazek w Wy\u015bwietlarce\" role=\"button\" class=\"tile-inner modula-item-link\"><\/a>\n\t\t\n\t\t<img class=\"pic wp-image-969 lazyload\"  data-valign=\"middle\" data-halign=\"center\" alt=\"\" data-full=\"https:\/\/kabe-bud.pl\/wp-content\/uploads\/2024\/01\/Wykop-na-odcinku-A3-A2.jpg\" title=\"Wykop na odcinku A3-A2\" width=\"225\" height=\"300\" data-src=\"https:\/\/kabe-bud.pl\/wp-content\/uploads\/2024\/01\/Wykop-na-odcinku-A3-A2-225x300.jpg\" data-caption=\"\" data-source=\"modula\" data-srcset=\"https:\/\/kabe-bud.pl\/wp-content\/uploads\/2024\/01\/Wykop-na-odcinku-A3-A2.jpg 576w, https:\/\/kabe-bud.pl\/wp-content\/uploads\/2024\/01\/Wykop-na-odcinku-A3-A2-225x300.jpg 225w\" data-sizes=\"(max-width: 225px) 100vw, 225px\" \/>\n\t\t<div class=\"figc no-description\">\n\t\t\t<div class=\"figc-inner\">\n\t\t\t\t\t\t\t\t\t\t\t\t\t\t\t<\/div>\n\t\t<\/div>\n\n\t<\/div>\n\n<\/div><div class=\"modula-item effect-pufrobo\" >\n\t<div class=\"modula-item-overlay\"><\/div>\n\n\t<div class=\"modula-item-content\">\n\n\t\t\t\t\n\t\t\t\t\t<a data-image-id=\"970\" data-elementor-open-lightbox=\"no\" tabindex=\"0\" rel=\"jtg-965\" data-caption=\"\" aria-label=\"Otw\u00f3rz obrazek w Wy\u015bwietlarce\" role=\"button\" class=\"tile-inner modula-item-link\"><\/a>\n\t\t\n\t\t<img loading=\"lazy\" class=\"pic wp-image-970 lazyload\"  data-valign=\"middle\" data-halign=\"center\" alt=\"\" data-full=\"https:\/\/kabe-bud.pl\/wp-content\/uploads\/2024\/01\/Wykop-na-odcinku-B3-B2.jpg\" title=\"Wykop na odcinku B3-B2\" width=\"225\" height=\"300\" data-src=\"https:\/\/kabe-bud.pl\/wp-content\/uploads\/2024\/01\/Wykop-na-odcinku-B3-B2-225x300.jpg\" data-caption=\"\" data-source=\"modula\" data-srcset=\"https:\/\/kabe-bud.pl\/wp-content\/uploads\/2024\/01\/Wykop-na-odcinku-B3-B2.jpg 576w, https:\/\/kabe-bud.pl\/wp-content\/uploads\/2024\/01\/Wykop-na-odcinku-B3-B2-225x300.jpg 225w\" data-sizes=\"(max-width: 225px) 100vw, 225px\" \/>\n\t\t<div class=\"figc no-description\">\n\t\t\t<div class=\"figc-inner\">\n\t\t\t\t\t\t\t\t\t\t\t\t\t\t\t<\/div>\n\t\t<\/div>\n\n\t<\/div>\n\n<\/div><div class=\"modula-item effect-pufrobo\" >\n\t<div class=\"modula-item-overlay\"><\/div>\n\n\t<div class=\"modula-item-content\">\n\n\t\t\t\t\n\t\t\t\t\t<a data-image-id=\"971\" data-elementor-open-lightbox=\"no\" tabindex=\"0\" rel=\"jtg-965\" data-caption=\"\" aria-label=\"Otw\u00f3rz obrazek w Wy\u015bwietlarce\" role=\"button\" class=\"tile-inner modula-item-link\"><\/a>\n\t\t\n\t\t<img loading=\"lazy\" class=\"pic wp-image-971 lazyload\"  data-valign=\"middle\" data-halign=\"center\" alt=\"\" data-full=\"https:\/\/kabe-bud.pl\/wp-content\/uploads\/2024\/01\/Zasypka-wykopu-odcinek-A4-A3.jpg\" title=\"Zasypka wykopu odcinek A4-A3\" width=\"225\" height=\"300\" data-src=\"https:\/\/kabe-bud.pl\/wp-content\/uploads\/2024\/01\/Zasypka-wykopu-odcinek-A4-A3-225x300.jpg\" data-caption=\"\" data-source=\"modula\" data-srcset=\"https:\/\/kabe-bud.pl\/wp-content\/uploads\/2024\/01\/Zasypka-wykopu-odcinek-A4-A3.jpg 576w, https:\/\/kabe-bud.pl\/wp-content\/uploads\/2024\/01\/Zasypka-wykopu-odcinek-A4-A3-225x300.jpg 225w\" data-sizes=\"(max-width: 225px) 100vw, 225px\" \/>\n\t\t<div class=\"figc no-description\">\n\t\t\t<div class=\"figc-inner\">\n\t\t\t\t\t\t\t\t\t\t\t\t\t\t\t<\/div>\n\t\t<\/div>\n\n\t<\/div>\n\n<\/div><div class=\"modula-item effect-pufrobo\" >\n\t<div class=\"modula-item-overlay\"><\/div>\n\n\t<div class=\"modula-item-content\">\n\n\t\t\t\t\n\t\t\t\t\t<a data-image-id=\"972\" data-elementor-open-lightbox=\"no\" tabindex=\"0\" rel=\"jtg-965\" data-caption=\"\" aria-label=\"Otw\u00f3rz obrazek w Wy\u015bwietlarce\" role=\"button\" class=\"tile-inner modula-item-link\"><\/a>\n\t\t\n\t\t<img loading=\"lazy\" class=\"pic wp-image-972 lazyload\"  data-valign=\"middle\" data-halign=\"center\" alt=\"\" data-full=\"https:\/\/kabe-bud.pl\/wp-content\/uploads\/2024\/01\/K.-deszczowa-odcinek-A8-A7.jpg\" title=\"K. deszczowa odcinek A8-A7\" width=\"225\" height=\"300\" data-src=\"https:\/\/kabe-bud.pl\/wp-content\/uploads\/2024\/01\/K.-deszczowa-odcinek-A8-A7-225x300.jpg\" data-caption=\"\" data-source=\"modula\" data-srcset=\"https:\/\/kabe-bud.pl\/wp-content\/uploads\/2024\/01\/K.-deszczowa-odcinek-A8-A7.jpg 576w, https:\/\/kabe-bud.pl\/wp-content\/uploads\/2024\/01\/K.-deszczowa-odcinek-A8-A7-225x300.jpg 225w\" data-sizes=\"(max-width: 225px) 100vw, 225px\" \/>\n\t\t<div class=\"figc no-description\">\n\t\t\t<div class=\"figc-inner\">\n\t\t\t\t\t\t\t\t\t\t\t\t\t\t\t<\/div>\n\t\t<\/div>\n\n\t<\/div>\n\n<\/div><div class=\"modula-item effect-pufrobo\" >\n\t<div class=\"modula-item-overlay\"><\/div>\n\n\t<div class=\"modula-item-content\">\n\n\t\t\t\t\n\t\t\t\t\t<a data-image-id=\"973\" data-elementor-open-lightbox=\"no\" tabindex=\"0\" rel=\"jtg-965\" data-caption=\"\" aria-label=\"Otw\u00f3rz obrazek w Wy\u015bwietlarce\" role=\"button\" class=\"tile-inner modula-item-link\"><\/a>\n\t\t\n\t\t<img loading=\"lazy\" class=\"pic wp-image-973 lazyload\"  data-valign=\"middle\" data-halign=\"center\" alt=\"\" data-full=\"https:\/\/kabe-bud.pl\/wp-content\/uploads\/2024\/01\/KD-dennica-studni-B8.jpg\" title=\"KD - dennica studni B8\" width=\"225\" height=\"300\" data-src=\"https:\/\/kabe-bud.pl\/wp-content\/uploads\/2024\/01\/KD-dennica-studni-B8-225x300.jpg\" data-caption=\"\" data-source=\"modula\" data-srcset=\"https:\/\/kabe-bud.pl\/wp-content\/uploads\/2024\/01\/KD-dennica-studni-B8.jpg 576w, https:\/\/kabe-bud.pl\/wp-content\/uploads\/2024\/01\/KD-dennica-studni-B8-225x300.jpg 225w\" data-sizes=\"(max-width: 225px) 100vw, 225px\" \/>\n\t\t<div class=\"figc no-description\">\n\t\t\t<div class=\"figc-inner\">\n\t\t\t\t\t\t\t\t\t\t\t\t\t\t\t<\/div>\n\t\t<\/div>\n\n\t<\/div>\n\n<\/div><div class=\"modula-item effect-pufrobo\" >\n\t<div class=\"modula-item-overlay\"><\/div>\n\n\t<div class=\"modula-item-content\">\n\n\t\t\t\t\n\t\t\t\t\t<a data-image-id=\"974\" data-elementor-open-lightbox=\"no\" tabindex=\"0\" rel=\"jtg-965\" data-caption=\"\" aria-label=\"Otw\u00f3rz obrazek w Wy\u015bwietlarce\" role=\"button\" class=\"tile-inner modula-item-link\"><\/a>\n\t\t\n\t\t<img loading=\"lazy\" class=\"pic wp-image-974 lazyload\"  data-valign=\"middle\" data-halign=\"center\" alt=\"\" data-full=\"https:\/\/kabe-bud.pl\/wp-content\/uploads\/2024\/01\/kolektor-od-studni-A8-w-kierunku-A7.jpg\" title=\"kolektor od studni A8 w kierunku A7\" width=\"225\" height=\"300\" data-src=\"https:\/\/kabe-bud.pl\/wp-content\/uploads\/2024\/01\/kolektor-od-studni-A8-w-kierunku-A7-225x300.jpg\" data-caption=\"\" data-source=\"modula\" data-srcset=\"https:\/\/kabe-bud.pl\/wp-content\/uploads\/2024\/01\/kolektor-od-studni-A8-w-kierunku-A7.jpg 576w, https:\/\/kabe-bud.pl\/wp-content\/uploads\/2024\/01\/kolektor-od-studni-A8-w-kierunku-A7-225x300.jpg 225w\" data-sizes=\"(max-width: 225px) 100vw, 225px\" \/>\n\t\t<div class=\"figc no-description\">\n\t\t\t<div class=\"figc-inner\">\n\t\t\t\t\t\t\t\t\t\t\t\t\t\t\t<\/div>\n\t\t<\/div>\n\n\t<\/div>\n\n<\/div><div class=\"modula-item effect-pufrobo\" >\n\t<div class=\"modula-item-overlay\"><\/div>\n\n\t<div class=\"modula-item-content\">\n\n\t\t\t\t\n\t\t\t\t\t<a data-image-id=\"975\" data-elementor-open-lightbox=\"no\" tabindex=\"0\" rel=\"jtg-965\" data-caption=\"\" aria-label=\"Otw\u00f3rz obrazek w Wy\u015bwietlarce\" role=\"button\" class=\"tile-inner modula-item-link\"><\/a>\n\t\t\n\t\t<img loading=\"lazy\" class=\"pic wp-image-975 lazyload\"  data-valign=\"middle\" data-halign=\"center\" alt=\"\" data-full=\"https:\/\/kabe-bud.pl\/wp-content\/uploads\/2024\/01\/Montaz-plyty-na-separatorze-e1704692845590.jpg\" title=\"Monta\u017c p\u0142yty na separatorze,,\" width=\"300\" height=\"250\" data-src=\"https:\/\/kabe-bud.pl\/wp-content\/uploads\/2024\/01\/Montaz-plyty-na-separatorze-e1704692845590-300x250.jpg\" data-caption=\"\" data-source=\"modula\" data-srcset=\"https:\/\/kabe-bud.pl\/wp-content\/uploads\/2024\/01\/Montaz-plyty-na-separatorze-e1704692845590.jpg 576w, https:\/\/kabe-bud.pl\/wp-content\/uploads\/2024\/01\/Montaz-plyty-na-separatorze-e1704692845590-300x250.jpg 300w\" data-sizes=\"(max-width: 300px) 100vw, 300px\" \/>\n\t\t<div class=\"figc no-description\">\n\t\t\t<div class=\"figc-inner\">\n\t\t\t\t\t\t\t\t\t\t\t\t\t\t\t<\/div>\n\t\t<\/div>\n\n\t<\/div>\n\n<\/div><div class=\"modula-item effect-pufrobo\" >\n\t<div class=\"modula-item-overlay\"><\/div>\n\n\t<div class=\"modula-item-content\">\n\n\t\t\t\t\n\t\t\t\t\t<a data-image-id=\"976\" data-elementor-open-lightbox=\"no\" tabindex=\"0\" rel=\"jtg-965\" data-caption=\"\" aria-label=\"Otw\u00f3rz obrazek w Wy\u015bwietlarce\" role=\"button\" class=\"tile-inner modula-item-link\"><\/a>\n\t\t\n\t\t<img loading=\"lazy\" class=\"pic wp-image-976 lazyload\"  data-valign=\"middle\" data-halign=\"center\" alt=\"\" data-full=\"https:\/\/kabe-bud.pl\/wp-content\/uploads\/2024\/01\/Odcinek-B10-B9.jpg\" title=\"Odcinek B10-B9\" width=\"225\" height=\"300\" data-src=\"https:\/\/kabe-bud.pl\/wp-content\/uploads\/2024\/01\/Odcinek-B10-B9-225x300.jpg\" data-caption=\"\" data-source=\"modula\" data-srcset=\"https:\/\/kabe-bud.pl\/wp-content\/uploads\/2024\/01\/Odcinek-B10-B9.jpg 576w, https:\/\/kabe-bud.pl\/wp-content\/uploads\/2024\/01\/Odcinek-B10-B9-225x300.jpg 225w\" data-sizes=\"(max-width: 225px) 100vw, 225px\" \/>\n\t\t<div class=\"figc no-description\">\n\t\t\t<div class=\"figc-inner\">\n\t\t\t\t\t\t\t\t\t\t\t\t\t\t\t<\/div>\n\t\t<\/div>\n\n\t<\/div>\n\n<\/div>\t\t\n\t<\/div>\n\n\t\n\t\n\t<script type=\"application\/ld+json\">\n\t{\n\t\t\"@context\": \"http:\/\/schema.org\",\n\t\t\"@type\"   : \"ImageGallery\",\n\t\t\"id\"      : \"https:\/\/kabe-bud.pl\/?page_id=950\/\",\n\t\t\"url\"     : \"https:\/\/kabe-bud.pl\/?page_id=950\/\"\n\t}\n\n\t<\/script>\n\n\t\n<\/div>\t\t<\/div>\n\t\t\t\t<\/div>\n\t\t\t\t\t<\/div>\n\t\t<\/div>\n\t\t\t\t\t\t\t<\/div>\n\t\t<\/section>\n\t\t\t\t\t\t\t<\/div>\n\t\t","protected":false},"excerpt":{"rendered":"<p>Nazwa projektu: Budowa i przebudowa kanalizacji deszczowej przy budowie ul. Le\u015bnej od ulicy Wiejskiej do ulicy Batorowskiej w D\u0105browie ETAP II. Data trwania budowy: od marca 2023r. do grudnia 2023r. Zakres prac: obejmowa\u0142 wykonanie kanalizacji deszczowej z: z rur PVC kl. \u201eS\u201d \u00f8200, kl. \u201eS\u201d litych o d\u0142ugo\u015bci L= 179m, [&hellip;]<\/p>\n","protected":false},"author":2,"featured_media":0,"parent":0,"menu_order":0,"comment_status":"closed","ping_status":"closed","template":"","meta":{"footnotes":""},"class_list":["post-950","page","type-page","status-publish","hentry"],"_links":{"self":[{"href":"https:\/\/kabe-bud.pl\/index.php?rest_route=\/wp\/v2\/pages\/950","targetHints":{"allow":["GET"]}}],"collection":[{"href":"https:\/\/kabe-bud.pl\/index.php?rest_route=\/wp\/v2\/pages"}],"about":[{"href":"https:\/\/kabe-bud.pl\/index.php?rest_route=\/wp\/v2\/types\/page"}],"author":[{"embeddable":true,"href":"https:\/\/kabe-bud.pl\/index.php?rest_route=\/wp\/v2\/users\/2"}],"replies":[{"embeddable":true,"href":"https:\/\/kabe-bud.pl\/index.php?rest_route=%2Fwp%2Fv2%2Fcomments&post=950"}],"version-history":[{"count":4,"href":"https:\/\/kabe-bud.pl\/index.php?rest_route=\/wp\/v2\/pages\/950\/revisions"}],"predecessor-version":[{"id":981,"href":"https:\/\/kabe-bud.pl\/index.php?rest_route=\/wp\/v2\/pages\/950\/revisions\/981"}],"wp:attachment":[{"href":"https:\/\/kabe-bud.pl\/index.php?rest_route=%2Fwp%2Fv2%2Fmedia&parent=950"}],"curies":[{"name":"wp","href":"https:\/\/api.w.org\/{rel}","templated":true}]}}